common divisor of v and h.
10
Let w be -1 + -1 + 7 + 4. Calculate the greatest common factor of 72 and w.
9
Let k(y) = 13*y - 2. Let o be k(-1). Let z be (16/10)/((-1)/o). Let g be (-110)/(-9) - 4/18. What is the highest common divisor of g and z?
12
Let v(u) = 29*u + 3. Let p be v(3). Suppose 5*c - p = 80. What is the highest common factor of 17 and c?
17
Let r(v) = -v**3 + 10*v**2 + 7. Let d be r(10). Suppose -11*z + 147 = -8*z. What is the highest common divisor of z and d?
7
Let a be (316/3)/4 - (-17)/(-51). What is the greatest common divisor of 39 and a?
13
Let n = -254 - -359. Let x = 17 + 4. What is the highest common divisor of x and n?
21
Suppose 26 - 96 = -5*s. Calculate the highest common divisor of s and 112.
14
Let h = -12 + 85. Let g = 50 + h. Let r be g - (2 + -1 + 1). What is the highest common divisor of 11 and r?
11
Suppose 10 = -4*n - 2, 3 = -3*r - 4*n. Calculate the highest common divisor of r and 27.
3
Let g(a) = 2*a - 4. Let j be g(7). Let u = 1 + j. Calculate the greatest common divisor of 88 and u.
11
Let c be 54 - (-3 + (1 - -1)). Calculate the highest common factor of 5 and c.
5
Suppose -3*x + 4*p + 33 + 5 = 0, 82 = 5*x - 2*p. Calculate the greatest common factor of 36 and x.
18
Suppose 2*u + 10 = 0, 0*u - 274 = -3*p + 2*u. What is the greatest common divisor of p and 24?
8
Let i(g) = 2*g**2 + g. Let c be i(-5). Let m be (-17965)/(-35) + (-2)/7. Let s be m/99 - (-2)/(-11). Calculate the greatest common factor of c and s.
5
Let i be (6 - 1) + (2 - 3). Let p = 18 + 4. Suppose i - p = -w. Calculate the greatest common divisor of w and 9.
9
Let y = -15 + 19. What is the greatest common factor of y and 32?
4
Let d = 24 - 7. Calculate the greatest common factor of 85 and d.
17
Let t(k) = 3*k**3 + k**2 - 1. Let c be t(1). Suppose l + 78 = -0*a + c*a, -3*a + 78 = 5*l. What is the greatest common divisor of 130 and a?
26
Let c(d) = 3*d. Let k be c(-1). Let v(n) = n**3 + 5*n**2 - 5*n + 5. Let r be v(-6). Let g = r - k. Calculate the highest common factor of g and 2.
2
Suppose 9*y = 6*y + 75. What is the highest common factor of y and 10?
5
Suppose z - 4*p - 52 = 8, 2*z = -2*p + 130. What is the highest common factor of z and 32?
32
Suppose 2*g = 6*g - 88. Suppose 0 = -4*f - 4*m - 8, -m + g = -3*f - 0*m. Let c be (-214)/f + 4/(-6). Calculate the greatest common factor of c and 7.
7
Let i be (1 + 1 - 0) + 702. Suppose -4*o + 0*o = -i. What is the greatest common divisor of o and 16?
16
Let a = -46 - -53. Calculate the highest common factor of 49 and a.
7
Let n = 106 + -92. Calculate the highest common divisor of n and 182.
14
Let h be (-1215)/(-25) - (-3)/(-5). Let q be 1494/30 + (-2)/(-10). Let m = 82 - q. What is the highest common divisor of m and h?
16
Let x(k) = k**2 - 4*k - 9. Let f be x(7). What is the greatest common factor of 20 and f?
4
Let f(a) = -5*a + 47. Let b be f(7). What is the highest common divisor of 8 and b?
4
Let b be 4*(-2 - 21/(-6)). Suppose -5*l = -5*v + 125, 5*l + b = 3*l. Let d = 106 - 73. What is the highest common factor of v and d?
11
Suppose 0 = 2*m + 1 - 15. Let n be 1/(-2)*(-378)/m. What is the highest common factor of n and 216?
27
Let t = 109 + 43. Calculate the greatest common divisor of t and 19.
19
Let t(b) = 2*b - 1. Suppose 0 = 4*i - 8. Let u be t(i). Calculate the greatest common factor of 15 and u.
3
Suppose -2*g + g = -14. Calculate the highest common factor of 126 and g.
14
Suppose 2*z = 5*x - 10, 2*z - 3*z + 10 = 5*x. Suppose 3*d + z*d - 114 = 0. Calculate the greatest common divisor of 19 and d.
19
Let t be (0/(6/(-2)))/(-3). Let v be t + -21*(-6)/9. Calculate the greatest common factor of v and 21.
7
Let f be (-3 - -1)/4*-36. Suppose -y + f = 2*y. Suppose -3*m + 136 = -62. What is the greatest common factor of m and y?
6
Suppose -4*k - 11 = -3*a + 2*a, 4*a - 5*k = 22. Calculate the greatest common factor of 33 and a.
3
Let i be ((-2)/(-4))/((-7)/(-70)). Suppose -i*f = -w - 103 - 74, 0 = f + 5*w - 25. Calculate the greatest common factor of 5 and f.
5
Suppose 0*s = 2*s - 3*v - 60, 4*s - 104 = 2*v. Let z = 109 + -105. What is the greatest common factor of z and s?
4
Let t be 21 - (21/49)/((-1)/(-7)). What is the highest common factor of 90 and t?
18
Let s(i) be the first derivative of 0*i**3 - 2 - 1/4*i**4 + 3*i + i**2. Let m be s(-3). Calculate the greatest common divisor of 60 and m.
12
Let i = 318 - 201. Let w = i - 82. Calculate the greatest common divisor of w and 5.
5
Suppose 85 = 8*o - 3*o. Calculate the highest common factor of 17 and o.
17
Let t be -12*3/((-27)/102). Suppose -4*z + 12 = s - 18, 5*s - z - 234 = 0. Let b = s + -29. What is the highest common factor of t and b?
17
Suppose -5*m + 84 + 61 = 0. Let t be 9/(-36) - m/(-4). What is the greatest common divisor of 56 and t?
7
Suppose 0 = 5*p - 0*p - 40. Calculate the greatest common divisor of p and 40.
8
Let b be (-4 + -11)*4/(-10). Let d = 10 - 1. What is the highest common factor of d and b?
3
Suppose -2*x - 1 - 3 = 0. Let a be -1 + 1/((-1)/x). Let p be (a + 1)*475/10. What is the greatest common factor of 19 and p?
19
Let w = -24 + 26. Let j(q) = -q**2 + 2*q + 1. Let m be j(w). Suppose 11 = u + n + n, 3*n - 15 = 0. Calculate the greatest common divisor of m and u.
1
Let q(r) = -r + 13. Suppose -s = -3*k - 17, -41 = -3*s + 2*k + 2*k. Let d be q(s). Calculate the greatest common factor of d and 8.
2
Suppose -4*t - t = 65. Let u = 24 + t. What is the greatest common factor of 88 and u?
11
Let b(t) = 22*t - 5. Let k(f) = -6*f - 5. Let p be k(8). Let r be 2/11 + p/(-11). Let a be b(r). What is the greatest common factor of a and 42?
21
Let l(r) = -r + 16. Let k be l(-7). What is the greatest common divisor of k and 23?
23
Let i = -2 + 19. Let t = 1 - 1. Suppose t*p + 4*p - 204 = 0. Calculate the greatest common divisor of i and p.
17
Suppose -21*b - 180 = -25*b. Calculate the greatest common divisor of b and 15.
15
Let j be ((-5)/(-2))/(1/30). Let m(d) = d - 4. Let l be m(4). Suppose -5*b + 104 + 46 = l. What is the greatest common divisor of j and b?
15
Suppose 0 = -5*o - 3*d + 385, -2*d - 330 = -5*o + o. Calculate the highest common factor of o and 10.
10
Suppose -2*d = -40 - 30. Calculate the highest common factor of d and 5.
5
Suppose -3*i = -4*q + 52, -4*i = q + 1 - 14. Suppose 6*h = h + 455. What is the greatest common divisor of q and h?
13
Let i(m) be the third derivative of -m**6/120 + m**5/15 + m**4/12 + m**2. Let u be i(3). Calculate the greatest common divisor of u and 5.
5
Let k = -32 - -42. Calculate the greatest common factor of k and 10.
10
Let h = -23 + 23. Suppose 2*g - 37 + 9 = h. Calculate the highest common factor of g and 42.
14
Suppose -2*i = i - 330. Calculate the greatest common divisor of i and 22.
22
Let u = -30 - -43. Calculate the highest common divisor of 65 and u.
13
Let q(v) = -16*v + 12. Let r be q(-5). Calculate the greatest common factor of r and 23.
23
Let w(o) = o**3 + 4*o**2 - 7*o - 9. Let k be w(-4). Let x(b) = 6*b + 5. Let p be x(-5). Let g = 63 + p. What is the greatest common factor of k and g?
19
Let d(y) = 2*y**2 + 2*y + 8. Let x be d(9). Let n = x + -24. Suppose -60 = -2*g - 4*r, -r + 5*r = 5*g - n. What is the greatest common factor of g and 4?
4
Let m be 110/8 - (-1)/4. Suppose 2*d - m = 28. Let i be (-4)/(-14) + 2997/d. Calculate the greatest common factor of i and 13.
13
Suppose -45*l = -46*l + 13. Calculate the greatest common factor of l and 39.
13
Suppose -2*c = 4*y - 34, -10 = -5*c - y + 48. Let g = c - 5. Calculate the greatest common divisor of g and 9.
3
Suppose -x = f - 3*x - 22, -4*x - 20 = 0. What is the highest common factor of 1 and f?
1
Let y(d) = -d - 9. Let g be y(-11). Let v be (-1)/(-1) + 6 + g. Let u be ((-1)/2)/((-1)/90). What is the highest common factor of u and v?
9
Let c = 5 + -5. Let f(w) = -w + 11. Let q be f(c). Calculate the highest common divisor of 1 and q.
1
Let s be (-2 - -1*14/4)*30. What is the highest common factor of 18 and s?
9
Let v be -2 + 0 + (-5 - -19). What is the highest common factor of v and 66?
6
Let h be 0/(2 + -1) - 15. Let b = h + 39. What is the greatest common factor of b and 16?
8
Let a = 75 + -24. Calculate the highest common divisor of 102 and a.
51
Let b = 8 + 4. What is the greatest common factor of b and 132?
12
